iple of 18?
False
Is 392 a multiple of 2?
True
Is 45 a factor of 7290?
True
Does 137 divide 7535?
True
Is 141 a multiple of 47?
True
Does 52 divide 3744?
True
Is 55 a factor of 2534?
False
Is 7 a factor of 343?
True
Is 7 a factor of 259?
True
Is 14 a factor of 13893?
False
Is 6324 a multiple of 102?
True
Is 1375 a multiple of 11?
True
Is 4 a factor of 178?
False
Is 24 a factor of 1023?
False
Is 184 a multiple of 4?
True
Is 18 a factor of 77427?
False
Is 186 a multiple of 18?
False
Does 14 divide 1708?
True
Is 248 a multiple of 5?
False
Is 1192 a multiple of 4?
True
Is 145 a factor of 656?
False
Is 28 a multiple of 4?
True
Is 11514 a multiple of 57?
True
Does 88 divide 17600?
True
Is 20 a multiple of 10?
True
Is 38 a factor of 1286?
False
Is 2 a factor of 303?
False
Is 7 a factor of 266?
True
Is 44 a factor of 1474?
False
Is 277 a factor of 49639?
False
Is 13465 a multiple of 12?
False
Does 24 divide 87?
False
Is 377 a multiple of 29?
True
Does 14 divide 848?
False
Is 81 a multiple of 23?
False
Is 1093 a multiple of 74?
False
Is 42 a factor of 34569?
False
Is 34 a factor of 27610?
False
Is 1139 a multiple of 67?
True
Does 68 divide 3536?
True
Does 4 divide 1676?
True
Does 9 divide 10729?
False
Does 2 divide 569?
False
Is 21306 a multiple of 6?
True
Is 188 a factor of 33041?
False
Does 3 divide 204?
True
Is 11 a multiple of 11?
True
Does 13 divide 30675?
False
Does 47 divide 3854?
True
Is 93 a factor of 2592?
False
Is 9622 a multiple of 21?
False
Is 5980 a multiple of 65?
True
Is 84680 a multiple of 116?
True
Is 9916 a multiple of 16?
False
Is 113 even?
False
Is 23 a factor of 2070?
True
Is 118 a factor of 53336?
True
Does 30 divide 450?
True
Does 30 divide 11940?
True
Is 645 a multiple of 43?
True
Is 15 a factor of 5925?
True
Does 26 divide 9389?
False
Is 3561 a multiple of 12?
False
Is 17810 a multiple of 86?
False
Is 46 a factor of 414?
True
Does 3 divide 39?
True
Is 17 a factor of 4862?
True
Does 31 divide 1835?
False
Is 22000 a multiple of 20?
True
Is 75 a factor of 11584?
False
Is 35 a factor of 7742?
False
Is 545 a multiple of 86?
False
Is 7 a factor of 130?
False
Is 11795 a multiple of 5?
True
Does 9 divide 5730?
False
Is 63422 a multiple of 14?
False
Is 11050 a multiple of 25?
True
Does 28 divide 112398?
False
Is 910 a multiple of 15?
False
Does 16 divide 1078?
False
Is 19 a factor of 114?
True
Does 12 divide 444?
True
Does 7 divide 578?
False
Is 2352 a multiple of 28?
True
Is 16 a factor of 30?
False
Does 16 divide 35595?
False
Does 50 divide 3050?
True
Is 13 a factor of 2005?
False
Is 8 a factor of 224?
True
Does 26 divide 5494?
False
Is 37187 a multiple of 5?
False
Is 12 a factor of 5321?
False
Is 81 a factor of 1701?
True
Is 422 a multiple of 80?
False
Is 4 a factor of 168?
True
Is 52 a factor of 920?
False
Does 16 divide 6920?
False
Is 15 a factor of 1569?
False
Does 6 divide 7968?
True
Is 94 a factor of 4067?
False
Is 1147 a multiple of 12?
False
Is 3696 a multiple of 42?
True
Is 9338 a multiple of 7?
True
Is 200 a factor of 7653?
False
Does 22 divide 44963?
False
Does 202 divide 19190?
True
Is 170 a factor of 7889?
False
Is 26979 a multiple of 33?
False
Is 36 a factor of 452?
False
Is 583 a multiple of 7?
False
Is 20960 a multiple of 32?
True
Does 47 divide 12173?
True
Is 17 a factor of 3808?
True
Is 710 a multiple of 11?
False
Does 7 divide 5196?
False
Does 40 divide 2040?
True
Is 347 a factor of 37654?
False
Is 740 a multiple of 37?
True
Is 1456 a multiple of 56?
True
Does 8 divide 633?
False
Does 167 divide 39412?
True
Does 344 divide 95775?
False
Is 3190 a multiple of 55?
True
Is 4060 a multiple of 2?
True
Is 14520 a multiple of 22?
True
Does 27 divide 1188?
True
Does 123 divide 46633?
False
Is 28 a factor of 10292?
False
Is 4400 even?
True
Is 560 a multiple of 20?
True
Is 142 a factor of 800?
False
Is 13 a multiple of 3?
False
Is 360 a multiple of 30?
True
Is 6720 a multiple of 16?
True
Is 4 a factor of 300?
True
Does 18 divide 108?
True
Is 2444 a multiple of 47?
True
Is 9 a factor of 18925?
False
Does 44 divide 1876?
False
Is 11 a factor of 723?
False
Is 16 a factor of 2253?
False
Does 14 divide 2107?
False
Is 89 a factor of 621?
False
Is 27012 a multiple of 331?
False
Does 39 divide 11996?
False
Is 16393 a multiple of 169?
True
Does 12 divide 33557?
False
Is 28 a factor of 4424?
True
Does 83 divide 356?
False
Is 13 a factor of 189?
False
Does 21 divide 531?
False
Is 28 a factor of 756?
True
Is 34 a factor of 571?
False
Is 106 a factor of 31376?
True
Is 1386 a multiple of 63?
True
Does 3 divide 138?
True
Is 128 a multiple of 16?
True
Does 11 divide 539?
True
Does 29 divide 4910?
False
Does 223 divide 66900?
True
Does 39 divide 8619?
True
Is 37 a factor of 555?
True
Is 240 a multiple of 5?
True
Is 31752 a multiple of 98?
True
Is 4797 a multiple of 6?
False
Is 427 even?
False
Is 25752 a multiple of 79?
False
Is 1796 a multiple of 46?
False
Is 897 a multiple of 23?
True
Does 30 divide 15056?
False
Is 5 a factor of 2059?
False
Is 127 a factor of 4191?
True
Is 105 a factor of 70560?
True
Is 69 a factor of 122130?
True
Is 74681 a multiple of 391?
True
Is 3173 a multiple of 11?
False
Does 182 divide 74786?
False
Is 892 a multiple of 14?
False
Is 2448 a multiple of 72?
True
Is 1944 a multiple of 36?
True
Is 430 a multiple of 43?
True
Is 2307 a multiple of 55?
False
Does 4 divide 400?
True
Is 2231 a multiple of 47?
False
Is 945 a multiple of 35?
True
Is 280 a multiple of 22?
False
Does 42 divide 18583?
False
Is 105 a multiple of 7?
True
Is 604 a multiple of 28?
False
Is 6 a factor of 78?
True
Is 7429 a multiple of 19?
True
Is 8 a factor of 28715?
False
Does 31 divide 1259?
False
Is 1529 a multiple of 24?
False
Is 2716 a multiple of 33?
False
Does 81 divide 75729?
False
Is 21896 a multiple of 273?
False
Is 321 a multiple of 29?
False
Does 19 divide 380?
True
Does 64 divide 16128?
True
Is 1184 a multiple of 23?
False
Is 20570 a multiple of 11?
True
Is 61 a factor of 45659?
False
Is 248 a multiple of 9?
False
Does 76 divide 1976?
True
Does 91 divide 13741?
True
Is 9030 a multiple of 43?
True
Does 2 divide 2842?
True
Is 107 a multiple of 2?
False
Is 8 a factor of 245?
False
Is 32 a factor of 416?
True
Is 90 a factor of 987?
False
Does 10 divide 1897?
False
Is 47 a factor of 6392?
True
Does 43 divide 480?
False
Is 13189 a multiple of 39?
False
Is 22 a factor of 3014?
True
Is 143 a factor of 6604?
False
Is 3024 a multiple of 63?
True
Does 21 divide 1464?
False
Is 14 a factor of 86534?
True
Is 1196 a multiple of 34?
False
Is 2596 a multiple of 59?
True
Does 11 divide 10960?
False
Is 217 a multiple of 3?
False
Does 7 divide 641?
False
Is 9 a factor of 898?
False
Is 20 a factor of 32?
False
Is 382 a multiple of 56?
False
Does 3 divide 17?
False
Does 6 divide 9222?
True
Is 210 a multiple of 15?
True
Is 10 a multiple of 5?
True
Does 26 divide 37362?
True
Does 14 divide 58463?
False
Is 26 a factor of 234?
True
Is 2861 a multiple of 246?
False
Is 8 a factor of 13473?
False
Is 28770 a multiple of 210?
True
Does 5 divide 330?
True
Is 3401 a multiple of 98?
False
Is 16818 a multiple of 11?
False
Is 10227 a multiple of 107?
False
Does 34 divide 68?
True
Is 10 a factor of 447?
False
Does 7 divide 453?
False
Does 249 divide 31819?
False
Is 19 a factor of 509?
False
Is 2087 a multiple of 62?
False
Does 26 divide 66222?
True
Is 29664 a multiple of 36?
True
Does 17 divide 10926?
False
Is 6 a factor of 318?
True
Is 2772 a multiple of 84?
True
Does 63 divide 24670?
False
Is 7 a factor of 18487?
True
Is 362 a multiple of 7?
False
Is 1857 a multiple of 20?
False
Is 6615 a multiple of 147?
True
Is 101 a factor of 10403?
True
Does 113 divide 2712?
True
Does 83 divide 581?
True
Is 35 a factor of 541?
False
Is 27974 a multiple of 25?
False
Is 8 a factor of 125?
False
Is 4 a factor of 336?
True
Is 41406 a multiple of 67?
True
Is 960 a multiple of 12?
True
Is 15 a factor of 870?
True
Is 7717 a multiple of 145?
False
Is 2891 a multiple of 59?
True
Does 6 divide 2984?
False
Does 8 divide 1481?
False
Does 6 divide 969?
False
Is 1392 a multiple of 56?
False
Is 3591 a multiple of 9?
True
Is 153 a multiple of 17?
True
Is 12 a factor of 63717?
False
Is 69850 a multiple of 33?
False
Does 60 divide 540?
True
Is 1680 a multiple of 15?
True
Is 11 a factor of 814?
True
D